 Suppose -15*w = -10*w - m. What are the prime factors of (w - 1)*(-47)/(-2)?
47
Suppose 4*h = -3*g + 2*g - 6, 0 = 3*g + 3*h - 18. Let f(t) = -6*t**2 - 13*t**3 + 21*t**3 - 9*t**3 + 14 - t + 17*t**2. List the prime factors of f(g).
2, 13
List the prime factors of 0 + (-1901557)/(-33) + 22 + (-2896)/132.
29, 1987
Suppose 47639 = 5*y + 10*z - 14*z, 0 = -3*y + 4*z + 28585. List the prime factors of y.
7, 1361
Suppose -2*j = 2*i - 12, 0 = 3*j - i - 16 + 6. Suppose -j*q = -25*t + 20*t - 3521, -2*t = 3*q - 2635. List the prime factors of q.
3, 293
Suppose -3*u - 431 = -5855. List the prime factors of u.
2, 113
Let l be 2/(-4) - 124/(-8). Let x be (l/4)/(6/96). Suppose 0*c - 4*c + x = 0. What are the prime factors of c?
3, 5
Suppose 81*v - 82*v = -607 - 1444. List the prime factors of v.
7, 293
Let t = 18567 - 11175. What are the prime factors of t?
2, 3, 7, 11
Suppose -92 = -20*f - 12. Suppose -5*z = -z + 4*o - 2424, 0 = -z - f*o + 603. List the prime factors of z.
607
Let s = -5287 - -20890. List the prime factors of s.
3, 7, 743
Let z be 0 + (-3 - 0)/((-2)/2). Suppose 0*w = -3*w, z*w + 1683 = 3*g. List the prime factors of g.
3, 11, 17
Suppose -4*w + 5*s + 10 = 0, -w - 4*w - 2*s + 29 = 0. Suppose w*x - 117 - 618 = 5*b, -3*b = -5*x + 743. List the prime factors of x.
151
Let y be 52/12 + (-2)/6. Suppose 0 = -4*j - 16*b + 13*b + 144, 180 = 5*j - 2*b. Suppose y*s = 272 + j. What are the prime factors of s?
7, 11
Let i(n) = -n**3 + 7*n**2 + 8*n + 5. Let v be i(8). Suppose 0 = 2*k - 3*h - 400, k - v*k - h = -828. What are the prime factors of k?
2, 103
Suppose -2 = -0*g + 2*g. Let j be (-4)/g - 0/(-6) - -71. Suppose -3*n + j = -537. What are the prime factors of n?
2, 3, 17
Let k be (-20)/(-70) - (-174)/(-21). Let u be 2859*(-2)/(-48) - (-1)/k. Suppose -3*h + 147 = -3*a - 216, -u = -h + 3*a. List the prime factors of h.
2, 61
Let s(w) = 649*w**2 + 4*w - 1. Let i be s(-6). Suppose -2581 - i = -36*t. What are the prime factors of t?
2, 3, 5
Suppose -5*h + 14 = -4*h - 5*q, 142 = 5*h - q. Suppose 5*g + 4*i = 2148, -25*i = -g - h*i + 436. List the prime factors of g.
2, 107
Let c(f) = -f**3 - 24*f**2 + 15*f + 35. Let d(t) = t**3 + 23*t**2 - 14*t - 36. Let z(x) = 5*c(x) + 6*d(x). List the prime factors of z(-16).
3, 5, 41
Suppose -6*n + 61348 + 27088 = 17840. List the prime factors of n.
2, 3, 37, 53
Let f(p) = -p**2 + 3*p + 45. Let v be f(-5). What are the prime factors of v/4 - 4065/(-12)?
2, 5, 17
Let a = -57859 + 94472. List the prime factors of a.
19, 41, 47
Suppose -3 = -4*c + 3*c, 4*r - c = 1533. Suppose 0 = -9*l + 3*l + r. List the prime factors of l.
2
Let p = 7908 - 539. List the prime factors of p.
7369
Suppose 124*h = 126*h + 1018. Let a = h - -2397. List the prime factors of a.
2, 59
Let v(z) = z**3 - 13*z**2 - 29*z - 15. Let n be v(15). Suppose 7*y - 331 - 740 = n. List the prime factors of y.
3, 17
Suppose -35*c + 2 = -36*c. Let u(s) = 126*s**2 + 7*s + 18. What are the prime factors of u(c)?
2, 127
Let f = -6683 - -6688. Let p = 5 + -3. Suppose -f*r = p*r - 21. What are the prime factors of r?
3
Let a = -106 - -108. Suppose 2*q - 2 = 3*z, -3*z + 11 = -5*q - a. Let u = 8 - z. List the prime factors of u.
2, 3
Let d(h) = 14*h**2 + 17*h**3 + 38 + 4*h**2 - 18*h**3 - h - 17. Let k be d(18). Suppose k*g - 8*g = -3*u + 318, -4*g + 190 = 2*u. List the prime factors of u.
101
Let t be (12/36)/(1/12). Let c = t - -4. Suppose c*s - 234 = 2*s. List the prime factors of s.
3, 13
Suppose -65*h = -722282 - 324803. List the prime factors of h.
89, 181
Suppose -a - 1045 = -6*a. Let v = 385 - a. List the prime factors of v.
2, 11
Let j be 7/(28/(-8)) + (7 - 4). List the prime factors of (-4817)/(-8) + j/(-8).
2, 7, 43
Let y(t) = 8*t**2 - 160*t + 540. List the prime factors of y(63).
2, 3, 617
Let l = -19 - -26. Let x(m) = 39*m - 11. Let b be x(l). Suppose -3*z = -8 - b. List the prime factors of z.
2, 3, 5
Suppose 0 = -39*r + 62162 + 103003. List the prime factors of r.
5, 7, 11
Let d be 1*(-6 - -133) + -6. Suppose s + d = 882. What are the prime factors of s?
761
Let a be (-16)/(-20)*60/8. Let q be 12/10*10/a. List the prime factors of q/(-15) + (-3184)/(-30).
2, 53
Suppose 3*y + 0*w + 13 = 5*w, -2*w + 28 = -5*y. List the prime factors of y/(-54) - 14938/(-18).
2, 5, 83
Suppose 3*l - 24963 = -3*a - 2*a, 2*l - 16642 = -3*a. List the prime factors of l.
53, 157
Let f(d) = d**2 + 4*d + 5. Let p be f(8). Let z = p - -114. Suppose z = 8*i - 17. List the prime factors of i.
29
Let a = -14414 - -24290. List the prime factors of a.
2, 3, 823
Suppose 2*t = 8*t - 36. What are the prime factors of (-463)/(-4) - t/(-24)?
2, 29
Let h = 729 + -726. Suppose 129 = 3*j - 0*j + 4*q, -h*q + 86 = 2*j. List the prime factors of j.
43
Suppose 5*x - 31 - 233 = -3*b, -b - 2*x + 89 = 0. Let p = -81 + b. Suppose 6*a - 384 = p*a. List the prime factors of a.
2, 3
Let h(w) = w**3 - 14*w**2 + 22*w + 24. Let t be h(12). Suppose -3*a + 2*a + 7 = t. Suppose -a*r - 456 = -11*r. List the prime factors of r.
2, 3, 19
Let h(m) = 582*m - 949. List the prime factors of h(3).
797
Let m(x) = 11*x**2 - 6*x + 396. List the prime factors of m(21).
3, 569
Let h = 200 - 1. Suppose -2*f + 3*u - h = 0, 336 = -4*f + f - 3*u. Let a = f - -142. List the prime factors of a.
5, 7
What are the prime factors of (176/280*-7)/(3/(-435))?
2, 11, 29
What are the prime factors of (-7*(-171)/(-21))/((-1)/903)?
3, 7, 19, 43
Let o be (-354)/(-60) + 1/10. Suppose o*j = j + 4505. Let l = j - 638. What are the prime factors of l?
263
Let d(i) = -i**2 + 9 + 9*i + 8 - 32. Let z be d(6). Suppose -85 + 7 = -5*t + 3*a, 2*a - 43 = -z*t. What are the prime factors of t?
3, 5
Let p = -252 + 251. List the prime factors of p - -770 - (-9 - (2 + -15)).
3, 5, 17
Let y = -2623 - -6336. What are the prime factors of y?
47, 79
Let k = -29 - -33. Let d be 1 + k + (-3 - -2). Suppose w + d*w - 495 = 0. List the prime factors of w.
3, 11
Let l = 54564 + -31950. List the prime factors of l.
2, 3, 3769
Let o(h) = h**3 + 23*h**2 - 27*h + 39. Suppose 19 - 180 = 7*p. List the prime factors of o(p).
2, 3, 5, 11
Let d(o) = 6094*o**3 - 3*o**2 + 3*o + 3. What are the prime factors of d(2)?
29, 41
Suppose -14 = -27*d + 40. Suppose 684 + 538 = d*u. List the prime factors of u.
13, 47
Let m(f) be the first derivative of f**2 - 6*f - 2. Let h be m(6). Suppose -h*q + 468 = -2*q. List the prime factors of q.
3, 13
Suppose 36*b = -6*b + 12600. What are the prime factors of b?
2, 3, 5
Let r = 6568 + -3755. What are the prime factors of r?
29, 97
Let x = 120087 - 69605. List the prime factors of x.
2, 43, 587
Let q be 0 - -1 - 6/(-2). Let h(j) = -3*j**2 + 53*j - 113. Let m be h(14). Suppose m - 353 = -q*k. What are the prime factors of k?
2, 3, 13
Let x(g) = g**3 + 18*g**2 + 3*g + 51. Let h(b) = 2*b**2. Let j(a) = -2*h(a) - x(a). List the prime factors of j(-23).
547
Suppose 0 = -5*u + w + 7347, -26*w + 21*w - 5865 = -4*u. List the prime factors of u.
2, 3, 5, 7
Suppose 13*h - 5*h - 536 = 0. Let w = -162 + h. Let q = w + 235. What are the prime factors of q?
2, 5, 7
Suppose 0 = -2*c - 1093 + 901. Let v = c - -1326. What are the prime factors of v?
2, 3, 5, 41
Let l(p) = 44*p**2 + 17*p + 39. Let u be l(-3). Let d = 11 - 7. Suppose 0 = -d*y - 0*y + u. List the prime factors of y.
2, 3
Let l(j) = j**2 - 5*j - 4. Let g be l(9). Let o = 255 + -187. Let y = o + g. List the prime factors of y.
2, 5
Let r be (-48)/(-22) + (-32)/176. Suppose 335 = -2*d + 5*d + 4*m, -r*d = -4*m - 190. What are the prime factors of d?
3, 5, 7
Let t = -2105 + 5570. What are the prime factors of t?
3, 5, 7, 11
Suppose -4*x - 2*h = -10, -3*x + 8 = h + 1. Suppose 0 = z - j - 253, -j - j - x = 0. List the prime factors of z.
2, 3, 7
Let n = 116 + -80. Let b = 39 - n. Suppose -193 = -b*y + 269. List the prime factors of y.
2, 7, 11
What are the prime factors of 4737 - (4 - (-7 + -1))?
3, 5, 7
Let g(r) = 48*r**2 - 23*r + 43. What are the prime factors of g(8)?
3, 977
Let a(b) = 16 - 19*b**2 - 565*b**3 + 561*b**3 + 2*b**2. List the prime factors of a(-7).
3, 5, 37
Let z = -44 + 44. Let c = z + 311. List the prime factors of c.
311
Suppose -266*x = -275*x + 5688. Suppose q - w = 835, 5*q = -3*w + x + 3567. List the prime factors of q.
2, 419
Let s(b) = b**3 + 20*b**2 + 21*b + 38. Let c be s(-